 of q(g)?
2, 3
Suppose 0 = -24*x + 11078 - 2870. What are the prime factors of x?
2, 3, 19
Let r(w) = 2741*w - 14. List the prime factors of r(1).
3, 101
Let o(m) = -2*m**2 + 11*m + 3. Let t be o(5). Let r be t/(-12)*(-27)/6. Suppose 4*q = -k + 178, -r*q - 5*k = -2*q - 54. What are the prime factors of q?
2, 11
Suppose 0 = -8*r + r + 2625. What are the prime factors of r?
3, 5
Suppose 4*t = -10*q + 5*q + 1490, 5*q - 1485 = -5*t. What are the prime factors of q - (-2 + 0/6)?
2, 19
Let j = 580 + 134. Suppose -14*q + j = -686. List the prime factors of q.
2, 5
Let d(v) = 8*v - 9. Suppose g + 8 = -q + 1, 3*q = -5*g - 31. Let b(o) = 8*o - 10. Let a(r) = g*d(r) + 6*b(r). List the prime factors of a(7).
41
Let b(x) = x**2 + 2*x - 4. Let s be b(-6). Suppose z = -3*z + s. Suppose -2*t = -z - 1. List the prime factors of t.
3
Let t be 5 - (-1)/(-2)*6. Suppose 4*d + t*z - 130 = d, -25 = -5*z. What are the prime factors of d?
2, 5
Let f(g) = -g - 11. Let q be f(-14). Suppose j + l = 2*l - 7, -5*j + q*l = 29. List the prime factors of j/(1 - 36/32).
2
Let w(q) = 5*q**2 - 12*q + 56. List the prime factors of w(-13).
7, 151
Let f be (5 - (-4 - -13)) + (7 - 1). Suppose -2*g - f*g + 728 = 0. What are the prime factors of g?
2, 7, 13
Suppose -1940 = 477*z - 482*z. List the prime factors of z.
2, 97
Let r(n) = 2*n**3 + 6*n**2 + n - 9. Let p be r(-4). Let h be 21/27 - 10/p. List the prime factors of (-3 - -5*11)*h.
2, 13
Suppose 2*m - 6*t - 464 = -8*t, 4*m - 5*t - 973 = 0. What are the prime factors of m?
3, 79
Suppose -4*u = -0*u - 4*v + 4, 2*v - 17 = -3*u. Suppose 0*l + 3 = -u*l. Let b(h) = -16*h**3 + 2*h**2 + 2*h + 1. List the prime factors of b(l).
17
Suppose 4*s + 2*q = 26, -2*s + q + 3*q - 2 = 0. List the prime factors of (-2 + s/2)/(6/468).
3, 13
Suppose -8*x = -12*x + 12. Suppose -7*b = -x*b - 856. What are the prime factors of b?
2, 107
Let o(l) = 0 + l + 2 - 4 + 1 + 328*l**2. Let r be o(1). Suppose 5*j - 3*c - r = -4*c, -4*c = -4*j + 248. List the prime factors of j.
5, 13
Suppose -3*j - 160 = 2*j. Suppose x + 4*x + 5 = 0. Let z = x - j. List the prime factors of z.
31
Let d = -9301 - -14895. What are the prime factors of d?
2, 2797
Suppose 5*c + 5 = -5*q - 0*q, -2*c - 10 = 0. Let t(d) be the second derivative of d**5/20 - d**4/4 + d**3/2 + 2*d**2 - 3*d. What are the prime factors of t(q)?
2
Suppose 5*c = 23 + 17. Let m(d) = -d**2 - 12*d - 6. Let f be m(-12). What are the prime factors of (52/2)/(c + f)?
13
Let u = -2 - -10. List the prime factors of 272/9 - u/36.
2, 3, 5
Suppose 4*x + 5*j = 9, -5*j - 17 = -4*x + 22. Suppose -7*s + x*s = -3. Suppose s*g + 69 = 2*f, -4*g - 88 + 16 = -2*f. What are the prime factors of f?
2, 3, 5
Let h(r) = 22*r**2 - 27*r + 101. What are the prime factors of h(6)?
17, 43
Suppose 0 = -j - 2*j + 27. Let l = 14 - j. Suppose -5*y + 8 = l*a - 32, -28 = -4*a - 3*y. What are the prime factors of a?
2
Let w(d) be the first derivative of 44*d**3/3 + d**2/2 - 2*d + 4. Let z be w(2). Suppose -46 = -3*j + 3*u + 59, -4*j - 5*u + z = 0. List the prime factors of j.
3, 13
Suppose 0 = -5*n - 3*n + 16. Suppose k - 35 = -0*k + 2*i, -58 = -n*k + i. List the prime factors of k.
3
Suppose 2*v + 15 = 10*m - 5*m, -15 = -2*m - v. Suppose 0 = 3*q - 0*q - 9, m*z - 473 = 4*q. What are the prime factors of z?
97
Let m(k) = -254*k + 306. What are the prime factors of m(-6)?
2, 3, 5, 61
Suppose 4*w = -4*z - 3237 + 15217, 4*w = 3*z + 11959. What are the prime factors of w?
2, 11, 17
Let o be (364/6)/2*-3. Suppose -27*y - 492 = 2991. Let b = o - y. List the prime factors of b.
2, 19
Let t = -20 + 22. Let u be (-172)/(-8) + t/4. List the prime factors of (u/(-3))/(4/(-12)).
2, 11
Let y be (2 - 2) + 16/4. Suppose -j + 42 = j - 4*p, -3*j = y*p - 83. List the prime factors of j.
5
Suppose -280 = -3*i - 2*k, -i + k - 29 + 129 = 0. List the prime factors of i.
2, 3
Let c(k) = k**2 - 16*k - 11. Let m be c(8). Let f = -38 - m. Suppose z - 3*n - n - f = 0, -88 = -2*z + n. List the prime factors of z.
3, 5
Suppose -1037 = -2*t + 4*r - 17, 520 = t - 4*r. List the prime factors of t.
2, 5
List the prime factors of (-171)/5*(230/(-30) - -1).
2, 3, 19
Let p = 1030 + -828. List the prime factors of p.
2, 101
Let r be (3 - 4) + (1 - -4). Suppose 0 = r*g + 2*b + b + 228, b + 296 = -5*g. List the prime factors of (-7)/(-5) - 36/g.
2
Let f be (-6)/(-3)*116/(-24)*-3. Let m = f + -12. List the prime factors of m.
17
Let v(b) be the third derivative of -4*b**4/3 - 7*b**3/6 - 35*b**2. What are the prime factors of v(-5)?
3, 17
Suppose 4*q - 28 = -4*b, 0*b + 8 = -4*b + 5*q. List the prime factors of (-1)/b + 4 + (-672)/(-18).
41
Let y = 92 + -49. Let g = -8 + 16. Suppose 4*c = -g, -4*l = -2*c - 61 - y. List the prime factors of l.
5
Let c(g) = 3*g - 21. Let y(b) = 8*b - 62. Let h(q) = 11*c(q) - 4*y(q). Let o be h(-10). What are the prime factors of (24/o)/(2/21)?
2, 3
List the prime factors of 4/1 + (9 - -36).
7
Let j(s) = 4*s - 73. Suppose 147 = -4*r + 11*r. What are the prime factors of j(r)?
11
Let c(b) = 14*b + 4. Let i be c(2). Let r = i + -54. Let x = r - -49. What are the prime factors of x?
3
Let v = 8258 - 5835. What are the prime factors of v?
2423
Let m(t) = -148*t + 3. Let i be m(-2). Suppose 5*s - 92 + i = 3*b, -5*b - 4*s = -382. List the prime factors of b.
2, 37
Let d = 42 - -563. What are the prime factors of d?
5, 11
Suppose 0 = 4*y - 10 - 2. Suppose -y*l - 35 = 2*l. What are the prime factors of 1/2*-6 - l?
2
List the prime factors of 18606/8 + 12/(-16).
3, 5, 31
Suppose -952 - 20080 = -22*j. What are the prime factors of j?
2, 239
Let x(p) = 23*p + 415. List the prime factors of x(14).
11, 67
Let u(g) = 6*g**2 + g. Let w(r) = -r**2 - r. Let m(h) = u(h) + 2*w(h). Let k be m(1). Suppose k*l - 3 = 2*l. List the prime factors of l.
3
Suppose 40*k = 30*k + 4060. What are the prime factors of k?
2, 7, 29
Suppose -4*z + 8 = 0, 4*n + 4*z - 361 = -41. What are the prime factors of n?
2, 3, 13
Suppose 3*r - 3*n - 28 = -r, 4*n + 16 = 0. Let m be 8/5*110/4. Suppose -o = -r*w + m, -4*o - 3 = -2*w + 5. What are the prime factors of w?
2, 3
Let m(l) be the first derivative of 3*l**5/20 - l**4/24 + l**3/6 + 2*l**2 - 6. Let r(x) be the second derivative of m(x). List the prime factors of r(2).
5, 7
Let q = 5 - -4. Suppose q = 4*o - o. Suppose 0 = -y + 1, f - o*f = 2*y - 30. What are the prime factors of f?
2, 7
Suppose -5*r + 41 = -29. Suppose -15*b + r = -16*b. Let y = 59 + b. What are the prime factors of y?
3, 5
What are the prime factors of 55 + -60 - 7413/(3*-1)?
2, 3, 137
Suppose d + 0 = -1. Let k be 4 - (d + -2 + -6). List the prime factors of 314/k - 36/234.
2, 3
Let d(b) = -b - 2. Let f be d(-7). What are the prime factors of 21*(10/75 - (-66)/f)?
2, 5, 7
Suppose -5*s = 1 - 11. Suppose 85 = 5*x + 4*y - 15, -3*x = -s*y - 82. List the prime factors of x.
2, 3
Suppose -9*g - 868 = -13*g. What are the prime factors of g?
7, 31
Suppose -w - 191 = -2*y, -5*y + 197 = -5*w - 273. Let h = y - 28. What are the prime factors of h?
3, 23
Let t(b) = b**2 - b - 8. Let q be t(4). Suppose 3*f - q*z - 659 = 0, f = -0*f - 5*z + 245. List the prime factors of f.
3, 5
Let b(w) = 200*w**3 + 2*w**2 - w - 1. List the prime factors of b(1).
2, 5
Suppose -3*x - m + 4532 = 0, -2*x - 13*m + 14*m + 3018 = 0. What are the prime factors of x?
2, 5, 151
Suppose 0 = -n - 27 + 43. Suppose -t = -5*t + n, 4*c - 2*t = 424. What are the prime factors of c?
2, 3
Suppose -51*g + 44*g + 3745 = 0. What are the prime factors of g?
5, 107
Suppose 2*l = 2*x + 8, 3*l = x + 7*l - 16. Suppose x*v + 4*v = 68. List the prime factors of v.
17
Let t = 3307 + -295. List the prime factors of t.
2, 3, 251
Suppose 1295 = 5*i - 2*j, 15 = -7*j + 10*j. List the prime factors of i.
3, 29
Let f = 11 - 49. Let w = 22 - f. List the prime factors of w.
2, 3, 5
Let j(s) = 0*s - 37 + 2*s - 5*s. List the prime factors of j(-13).
2
Suppose 0 = -a + 2*w + 247, 5*a + 5*w = 3*w + 1175. What are the prime factors of 21/35 + a/5?
2, 3
Let x = -1068 + 1577. What are the prime factors of x?
509
Let c(t) = t**3 + 14*t**2 - 14*t + 21. Let n be c(-15). Let p = n + 0. What are the prime factors of p?
2, 3
Let v = 2 + 2. Let l(t) = 6*t**2 - t - 4. Let n be l(v). Let w = n - 63. What are the prime factors of w?
5
Suppose -3*j + 5315 = -2*c